 6200 a multiple of 62?
True
Does 9 divide 413?
False
Is 11066 a multiple of 17?
False
Is 55 a factor of 3452?
False
Does 68 divide 1281?
False
Is 35 a factor of 1330?
True
Does 31 divide 376?
False
Does 10 divide 1456?
False
Is 43590 a multiple of 38?
False
Is 104 a multiple of 3?
False
Is 36 a factor of 6945?
False
Is 2496 a multiple of 39?
True
Does 9 divide 1953?
True
Is 130 a factor of 4420?
True
Is 5397 a multiple of 7?
True
Does 20 divide 14942?
False
Is 51 a factor of 6528?
True
Is 25 a factor of 1624?
False
Does 4 divide 6056?
True
Is 58 a factor of 6496?
True
Does 5 divide 165?
True
Is 110 a factor of 30969?
False
Is 21 a factor of 273?
True
Is 39000 a multiple of 150?
True
Is 4 a factor of 669?
False
Does 22 divide 9856?
True
Is 24647 a multiple of 19?
False
Is 12 a factor of 57819?
False
Is 21 a factor of 8190?
True
Is 10 a factor of 1060?
True
Does 49 divide 182?
False
Is 340 a multiple of 16?
False
Does 10 divide 1614?
False
Does 111 divide 3749?
False
Does 15 divide 105920?
False
Is 108 a factor of 5832?
True
Is 273 a multiple of 5?
False
Is 26 a factor of 17160?
True
Is 56154 a multiple of 60?
False
Does 11 divide 56453?
False
Is 22 a factor of 4205?
False
Does 15 divide 12975?
True
Does 11 divide 759?
True
Is 14683 a multiple of 189?
False
Is 1252 a multiple of 73?
False
Is 45 a factor of 573?
False
Does 40 divide 1560?
True
Is 4 a factor of 64?
True
Is 15 a factor of 316?
False
Is 15 a factor of 720?
True
Is 4928 a multiple of 16?
True
Is 13 a factor of 14105?
True
Is 25940 a multiple of 20?
True
Is 1202 a multiple of 2?
True
Does 4 divide 264?
True
Is 792 a multiple of 12?
True
Does 59 divide 20301?
False
Is 19 a factor of 3097?
True
Is 91 a factor of 1092?
True
Does 8 divide 424?
True
Does 9 divide 36777?
False
Is 21 a factor of 1273?
False
Is 13 a factor of 273?
True
Is 11286 a multiple of 66?
True
Is 178 a multiple of 9?
False
Is 15 a factor of 1253?
False
Does 49 divide 9028?
False
Is 2452 a multiple of 11?
False
Does 39 divide 13026?
True
Is 2 a factor of 235?
False
Is 260 a multiple of 5?
True
Does 11 divide 2299?
True
Does 14 divide 46578?
True
Is 7687 a multiple of 3?
False
Is 608 a multiple of 16?
True
Does 40 divide 5418?
False
Is 656 a multiple of 16?
True
Does 25 divide 25311?
False
Is 35 a factor of 1120?
True
Is 336 a multiple of 31?
False
Is 6545 a multiple of 7?
True
Is 13 a factor of 1362?
False
Is 2704 a multiple of 208?
True
Is 5423 a multiple of 3?
False
Does 10 divide 22723?
False
Does 14 divide 566?
False
Is 27 a factor of 40203?
True
Is 21 a factor of 4431?
True
Is 9 a factor of 720?
True
Is 102 even?
True
Is 3 a factor of 1299?
True
Is 35 a factor of 1875?
False
Is 187 a factor of 21039?
False
Is 9945 a multiple of 85?
True
Is 155 a factor of 90675?
True
Is 32 a factor of 8460?
False
Is 34 a factor of 1636?
False
Is 8 a factor of 4451?
False
Is 6 a factor of 30906?
True
Is 6680 a multiple of 14?
False
Does 7 divide 477?
False
Does 11 divide 48741?
True
Does 77 divide 308?
True
Is 732 a multiple of 12?
True
Is 25 a factor of 35200?
True
Is 47 a factor of 1551?
True
Is 3 a factor of 93?
True
Is 34 a factor of 31351?
False
Is 12 a factor of 294?
False
Does 17 divide 1254?
False
Is 5 a factor of 160?
True
Is 1846 a multiple of 13?
True
Is 124 a multiple of 124?
True
Does 63 divide 22846?
False
Is 9 a factor of 900?
True
Does 100 divide 6590?
False
Is 8568 a multiple of 12?
True
Is 6 a factor of 547?
False
Does 29 divide 141?
False
Is 12792 a multiple of 41?
True
Does 21 divide 273?
True
Does 14 divide 3234?
True
Does 22 divide 36?
False
Is 56 a factor of 78736?
True
Is 11982 a multiple of 15?
False
Is 11432 a multiple of 8?
True
Is 4632 a multiple of 12?
True
Does 23 divide 64285?
True
Is 18 a factor of 180?
True
Is 81 a factor of 6518?
False
Is 845 a multiple of 65?
True
Does 6 divide 692?
False
Does 33 divide 6166?
False
Does 174 divide 7656?
True
Is 14 a factor of 4214?
True
Does 12 divide 237?
False
Is 41709 a multiple of 45?
False
Is 1199 a multiple of 21?
False
Is 24 a factor of 35453?
False
Is 496 a multiple of 5?
False
Is 10 a factor of 1702?
False
Does 37 divide 28157?
True
Is 10 a factor of 9600?
True
Is 4147 a multiple of 122?
False
Is 129 a factor of 20640?
True
Is 6858 a multiple of 54?
True
Does 12 divide 27876?
True
Is 43 a factor of 23019?
False
Is 31 a factor of 682?
True
Does 32 divide 969?
False
Is 29 a factor of 725?
True
Does 74 divide 48550?
False
Is 9 a factor of 6156?
True
Is 1982 a multiple of 12?
False
Does 22 divide 3605?
False
Is 125 a multiple of 4?
False
Does 10 divide 5320?
True
Is 4664 a multiple of 88?
True
Does 25 divide 891?
False
Does 4 divide 3388?
True
Is 472 a multiple of 5?
False
Does 66 divide 6996?
True
Is 28 a factor of 6564?
False
Does 279 divide 24831?
True
Does 134 divide 33540?
False
Is 9 a factor of 117?
True
Is 13 a factor of 26?
True
Is 4345 even?
False
Is 10 a factor of 3380?
True
Is 541 a multiple of 40?
False
Is 54 a factor of 108?
True
Is 19764 a multiple of 34?
False
Is 64107 a multiple of 23?
False
Is 6 a factor of 26298?
True
Does 91 divide 5713?
False
Is 14 a factor of 19726?
True
Does 17 divide 1224?
True
Is 1139 a multiple of 6?
False
Does 37 divide 18241?
True
Is 360 a multiple of 8?
True
Is 34 a factor of 544?
True
Is 8 a factor of 608?
True
Is 77 a multiple of 12?
False
Is 900 a multiple of 36?
True
Is 10 a factor of 29910?
True
Is 33 a factor of 462?
True
Does 14 divide 785?
False
Is 7040 a multiple of 12?
False
Is 9 a factor of 117?
True
Is 5 a factor of 415?
True
Is 102 a multiple of 6?
True
Is 8 a factor of 195?
False
Is 4 a factor of 110?
False
Is 10720 a multiple of 160?
True
Is 798 a multiple of 38?
True
Is 69 a factor of 17457?
True
Is 31 a factor of 10558?
False
Does 33 divide 2673?
True
Is 89 a factor of 7298?
True
Is 1412 a multiple of 4?
True
Does 24 divide 384?
True
Is 30493 a multiple of 95?
False
Is 2827 a multiple of 21?
False
Does 176 divide 5589?
False
Is 1320 a multiple of 15?
True
Is 11 a factor of 54133?
False
Does 3 divide 263?
False
Does 15 divide 6923?
False
Does 11 divide 6963?
True
Does 59 divide 8201?
True
Is 41 a factor of 6299?
False
Does 62 divide 540?
False
Is 4640 a multiple of 4?
True
Does 47 divide 22058?
False
Does 19 divide 1307?
False
Is 15 a factor of 2544?
False
Does 5 divide 8871?
False
Is 312 a multiple of 3?
True
Does 9 divide 1793?
False
Is 24 a factor of 3587?
False
Is 7 a factor of 397?
False
Does 31 divide 158?
False
Is 18 a factor of 6064?
False
Is 7 a factor of 15197?
True
Is 123123 a multiple of 77?
True
Is 18 a factor of 1455?
False
Is 69 a factor of 1932?
True
Does 9 divide 1305?
True
Is 12 a factor of 9786?
False
Is 236 a multiple of 23?
False
Is 2822 a multiple of 83?
True
Does 12 divide 7968?
True
Is 806 a multiple of 31?
True
Is 85 a factor of 81609?
False
Does 27 divide 490?
False
Is 355 a multiple of 39?
False
Is 27 a factor of 357?
False
Is 16302 a multiple of 78?
True
Does 35 divide 15621?
False
Does 4 divide 224?
True
Does 6 divide 1680?
True
Is 19424 a multiple of 28?
False
Does 11 divide 449?
False
Does 8 divide 5807?
False
Is 7 a factor of 476?
True
Does 34 divide 44268?
True
Is 48 a factor of 1680?
True
Does 26 divide 2573?
False
Does 8 divide 184?
True
Does 212 divide 7420?
True
Is 1932 a multiple of 14?
True
Does 6 divide 87?
False
Does 23 divide 2251?
False
Is 140 a multiple of 22?
False
Is 42 a factor of 336?
True
Does 242 divide 9017?
False
Does 308 divide 10433?
False
Is 21 a factor of 4576?
False
Is 102 a multiple of 17?
True
Does 17 divide 1974?
False
Does 114 divide 73488?
False
Does 15 divide 71460?
True
Is 15385 a multiple of 181?
True
Is 9075 a multiple of 55?
True
Is 1494 a multiple of 80?
False
Is 15379 a multiple of 87?
False
Is 272 even?
True
Is 8 a factor of 852?
False
Is 44 a factor of 61864?
True
Is 4 a factor of 2180?
True
Is 24 a factor of 1336?
False
Does 27 divide 2049?
False
Is 5124 a multiple of 24?
False
Is 112 a multiple of 46?
False
Is 24 a factor of 2062?
False
Does 128 divide 6272?
True
Is 4 a factor of 7171?
False
Is 3 a factor of 85?
False
Is 26123 a multiple of 173?
True
Is 23 a factor of 4209?
True
Is 22 a factor of 236?
False
Is 12 a factor of 2808?
True
Is 2759 a multiple of 31?
True
Is 1140 a multiple of 12?
True
Is 22 a factor of 778?
Fal